 = -z**3 + 4*z**2 + 6*z + 1. Calculate d(5).
6
Let c(y) = 7*y**2 - 3*y - 3. Calculate c(2).
19
Let u(r) = -3*r + 6. Give u(-8).
30
Let d(f) = 9*f + 214. Give d(-23).
7
Let s(l) = 10*l**3 - 2*l**2 + 2*l - 2. Calculate s(1).
8
Let p(q) = -q**2 - 8*q - 23. Determine p(-5).
-8
Let u(h) = 3*h**3 - 2*h**2 - 2*h. What is u(3)?
57
Let h(c) = -c**3 + 18*c**2 - 16*c + 8. What is h(17)?
25
Let l(j) = -3*j**3 - 5*j**2 - 4*j - 2. Determine l(-3).
46
Let l(r) = -15*r + 22. Give l(2).
-8
Let f(n) = -9*n - 2. Give f(-1).
7
Let w(t) = -t + 1. What is w(-10)?
11
Let h(m) = -m**2 + m - 2. Give h(-6).
-44
Let o(v) = v - 68. Give o(30).
-38
Let o(x) = 4*x - 4. What is o(-2)?
-12
Let j(m) = -3*m + 3. Give j(-6).
21
Let u(i) = -i**3 - 11*i**2 - 9*i + 83. Give u(-9).
2
Let k(i) = i**2 - i - 3. What is k(-6)?
39
Let i(o) = -4*o + 11. Give i(5).
-9
Let m(z) = z**3 + 10*z**2 - 5*z + 64. Determine m(-11).
-2
Let t(y) = y**2 - 6. Determine t(7).
43
Let c(s) = -2*s**2 - 18*s + 17. Determine c(1).
-3
Let k(y) = 4*y - 23. Calculate k(16).
41
Let u(b) = 2*b + 13. Calculate u(-12).
-11
Let o(j) = -j**3 - 4*j**2 - 49. Determine o(0).
-49
Let d(k) = -15*k + 46. Determine d(9).
-89
Let r(t) = 18*t + 20. What is r(-5)?
-70
Let h(f) = -f**2 + 7*f + 1. Calculate h(9).
-17
Let o(v) = -14*v - 286. Determine o(-20).
-6
Let h(x) = -7*x**2 - 7*x - 8. Calculate h(-1).
-8
Let k(v) = -v**2 - 20*v + 10. Give k(-21).
-11
Let p(r) = 3*r + 83. Determine p(-16).
35
Let b(m) = 3*m - 3. Calculate b(2).
3
Let w(z) = z**3 + 6*z**2 - 6*z + 18. Determine w(-7).
11
Let l(r) = r**3 - 9*r**2 - 13*r - 11. Calculate l(10).
-41
Let j(m) = -2*m - 28. Give j(-13).
-2
Let y(c) = c**2 - 97*c + 98. What is y(1)?
2
Let m(s) = -6*s**2 - 17*s + 10. Calculate m(-4).
-18
Let h(u) = 7*u**2 - 3*u - 3. What is h(1)?
1
Let y(x) = -2*x**2 - 2*x + 4. What is y(-3)?
-8
Let p(t) = 20*t + 145. Determine p(-10).
-55
Let h(k) = k**2 - 13*k + 8. Give h(12).
-4
Let y(g) = -16*g**2 - 240*g - 14. Calculate y(-15).
-14
Let r(z) = -z**3 + 4*z**2 + 20*z + 9. Determine r(8).
-87
Let i(p) = -p**3 + 6*p**2 - 6*p - 2. What is i(5)?
-7
Let d(u) = u**3 + 16*u**2 + u + 20. Calculate d(-16).
4
Let l(j) = -2*j**2 + 21*j - 31. Determine l(10).
-21
Let b(g) = -2*g**3 - 2*g**2 - 5*g + 5. Determine b(3).
-82
Let o(a) = a**2 - 8*a + 12. Determine o(3).
-3
Let j(l) = 4*l - 6. What is j(2)?
2
Let x(o) = -2*o**2 + 43*o + 57. Determine x(23).
-12
Let f(p) = 26*p - 500. Determine f(19).
-6
Let x(q) = 2*q - 25. What is x(0)?
-25
Let d(v) = -v**2 + 24*v - 55. What is d(22)?
-11
Let p(x) = -7*x + 5. What is p(4)?
-23
Let s(v) = 6*v + 24. What is s(0)?
24
Let n(u) = -u**2 + 6*u + 1. Calculate n(6).
1
Let n(b) = -6*b - 170. Calculate n(-32).
22
Let q(c) = c**2 + 8*c + 2. Calculate q(-6).
-10
Let c(s) = 5*s - 85. Determine c(18).
5
Let s(w) = 2*w**2 + 19*w + 30. Calculate s(-8).
6
Let q(p) = -28*p**2 - 2*p. Give q(1).
-30
Let v(g) = 3*g**2 - 15*g + 1. Give v(5).
1
Let m(s) = 9*s - 345. Calculate m(38).
-3
Let y(m) = -m - 12. Give y(-3).
-9
Let g(x) = -2*x**2 - 1. Calculate g(2).
-9
Let z(k) = -k**2 + 13*k - 17. What is z(13)?
-17
Let a(u) = u**2 - 107*u + 1863. Determine a(85).
-7
Let y(p) = -21*p + 2. What is y(-3)?
65
Let z(m) = m**2 - 22*m - 220. What is z(-8)?
20
Let l(b) = -6*b + 6. Calculate l(1).
0
Let g(y) = -23*y + 78. Determine g(6).
-60
Let d(t) = t**3 - 4*t**2 - 14*t - 13. What is d(7)?
36
Let g(u) = -2*u + 13. Determine g(-14).
41
Let r(z) = 21*z - 292. Calculate r(14).
2
Let l(h) = -h**3 - 8*h**2 + 4*h + 11. Calculate l(-8).
-21
Let h(r) = 2*r + 6. Calculate h(-11).
-16
Let m(x) = x**3 + 6*x**2 + 6*x - 4. Determine m(-6).
-40
Let b(a) = 9*a + 2. What is b(1)?
11
Let l(j) = 4*j + 1. What is l(-5)?
-19
Let q(n) = n + 28. Give q(-10).
18
Let y(m) = 2*m**2 + 26*m + 56. Determine y(-10).
-4
Let r(i) = -i**3 + 11*i**2 + 9*i + 41. Calculate r(12).
5
Let d(s) = 3*s + 10. What is d(-7)?
-11
Let h(p) = -p + 3. Calculate h(-6).
9
Let q(j) = 27*j + 1403. Calculate q(-52).
-1
Let p(v) = -21*v**3 - v**2 + 1. Calculate p(-1).
21
Let r(f) = f + 13. Give r(-11).
2
Let f(k) = k + 2. Determine f(-7).
-5
Let g(k) = -k**2 + 5*k + 9. What is g(5)?
9
Let z(g) = g**3 + 8*g**2 + 19*g + 24. Determine z(-5).
4
Let y(z) = 19*z**3 - 1. Determine y(1).
18
Let g(z) = -29*z - 196. Give g(-7).
7
Let v(d) = -d + 2. Calculate v(10).
-8
Let c(m) = -m**3 - 6*m**2 + 10*m + 6. Determine c(-4).
-66
Let i(r) = r**3 + 5*r**2 + 2*r - 3. Determine i(-4).
5
Let z(c) = 4*c + 14. Calculate z(-6).
-10
Let t(h) = -74*h**2 + 3*h + 4. Calculate t(-1).
-73
Let q(t) = -t**2 - 11*t - 15. What is q(-6)?
15
Let o(q) = q**2 - 3*q - 7. What is o(7)?
21
Let w(v) = -7*v**2 - 16*v - 16. What is w(-1)?
-7
Let j(k) = -2*k + 33. Determine j(4).
25
Let a(z) = z + 9. What is a(2)?
11
Let g(q) = q - 1. Calculate g(6).
5
Let g(j) = 2*j - 6. What is g(5)?
4
Let h(j) = -j + 17. What is h(5)?
12
Let c(b) = b. Calculate c(-5).
-5
Let w(s) = -4*s - 1. Determine w(2).
-9
Let o(m) = -m - 18. Determine o(-8).
-10
Let b(n) = -6*n + 28. Give b(8).
-20
Let v(c) = 14*c + 54. What is v(0)?
54
Let b(h) = -h**2 + 5*h + 19. Calculate b(14).
-107
Let m(h) = -18*h - 139. Calculate m(-8).
5
Let o(k) = k**3 - k**2 - 9*k - 5. Give o(-3).
-14
Let x(u) = 3*u**2 - 1. Give x(0).
-1
Let p(s) = s**3 + 11*s**2 + 12*s + 14. What is p(-9)?
68
Let g(h) = h**3 - 17*h**2 + 13*h + 32. Calculate g(16).
-16
Let l(f) = f**3 - f**2 - f + 12. Determine l(0).
12
Let v(o) = o**2 + 7*o - 18. What is v(-8)?
-10
Let h(r) = -r - 6. Determine h(0).
-6
Let p(q) = q**3 - 2*q**2 + 7*q - 3. Calculate p(2).
11
Let y(f) = 5*f + 44. What is y(-9)?
-1
Let s(q) = 12*q - 2. What is s(1)?
10
Let d(m) = -m**2 - 2*m + 6. What is d(-4)?
-2
Let w(t) = -t**3 + 3*t**2 + 8*t - 13. What is w(4)?
3
Let n(o) = o**2 + 30*o - 6. What is n(-30)?
-6
Let l(q) = q - 15. Determine l(11).
-4
Let c(t) = -3*t**2 + 14*t + 20. Determine c(6).
-4
Let y(f) = f**2 - 26*f + 43. Determine y(24).
-5
Let x(d) = -d**3 - 4*d**2 - 5*d - 18. Calculate x(-4).
2
Let s(l) = -3*l + 5. What is s(-4)?
17
Let t(h) = h**3 - 2*h**2 + h + 2. Give t(3).
14
Let j(k) = -k**3 - 5*k**2 + 11*k - 20. What is j(-7)?
1
Let b(l) = 10*l + 62. Calculate b(-10).
-38
Let b(n) = 2*n**2 + 5*n - 24. Calculate b(2).
-6
Let r(l) = 5*l - 17. Give r(5).
8
Let v(p) = -5*p + 1. Calculate v(-2).
11
Let w(j) = -j**3 - 10*j**2 + 14*j + 25. Give w(-11).
-8
Let n(k) = k**2 + 9*k + 6. Calculate n(-9).
6
Let a(w) = -w**3 + 3*w**2 - 2*w + 4. What is a(5)?
-56
Let d(m) = -8*m**2 + 3*m + 2. Determine d(-1).
-9
Let q(x) = x**2 + 8*x + 11. Calculate q(-9).
20
Let z(t) = -t**3 - 28*t**2 - 83*t - 197. Determine z(-25).
3
Let q(j) = j**3 + 9*j**2 - 9*j + 10. What is q(-10)?
0
Let u(t) = -t**2 - t + 25. Determine u(0).
25
Let s(r) = -r**2 - 15*r - 57. Determine s(-9).
-3
Let n(p) = p**3 + p**2 - 5*p - 2. What is n(-3)?
-5
Let o(u) = u**2 - 5*u - 18. Calculate o(-2).
-4
Let u(a) = -5*a - 2. Give u(-6).
28
Let g(h) = -6*h - 99. Give g(-19).
15
Let z(g) = g**3 - g**2 - 3*g - 4. What is z(3)?
5
Let a(v) = 3*v**2 - 101*v - 31. Calculate a(34).
3
Let x(q) = -10*q + 32. Calculate x(3).
2
Let p(j) = j**3 - 8*j**2 + 12*j. Give p(5).
-15
Let g(s) = -s**2 + 6*s + 18. Calculate g(-4).
-22
Let h(k) = -k**3 - 9*k**2 + 5*k + 6. Give h(-10).
56
Let n(t) = -2*t**2 - 10*t + 8. Calculate n(-6).
-4
Let r(a) = -2*a + 22. What is r(13)?
-4
Let y(s) = -s**3 - 18*s**2 - 16*s + 9. What is y(-17)?
-8
Let k(l) = -l**2 - 22*l - 119. Determine k(-16).
-23
Let d(w) = -w**3 - 18*w**2 - 33*w - 11. What is d(-16)?
5
Let u(d) = d**3 - 2*d**2 - 3*d - 5. Give u(4).
15
Let b(a) = a**2 + 5*a - 44. Give b(-9).
-8
Let b(k) = 10*k**2 + k + 1. Determine b(-1).
10
Let j(c) = -c**2 - 30*c - 65. Determine j(-28).
-9
Let z(q) = q**3 - 15*q**2 - 3. Determine z(15).
-3
Let t(o) = -o**3 - o**2 + 7*o + 12. Determine t(-4).
32
Let r(d) = -2*d + 12. Calculate r(6).
0
Let o(k) = 6*k + 1. Calculate o(-2).
-11
Let t(m) = -m**3 + m**2 + 8*m - 19. Give t(2).
-7
Let n(i) = i**3 + 7*i**2 - 6*i + 9. What is n(-8)?
-7
Let g(v) = -v**2 + 14*v - 29. Calculate g(10).
11
Let a(q) = -2*q - 2. Calculate a(-3).
4
Let s(x) = 2*x**2 + 11*x + 5. What is s(-4)?
-7
Let q(w) = -2*w**3 - 6*w**2 + 6*w + 6. Determine q(-4).
14
Let x(z) = -z**2 - 19*z - 15. What is x(-18)?
3
Let u(t) = -2*t - 33. Calculate u(18).
-69
Le